42881 = 0. List the prime factors of v.
13, 127
Suppose 63 = 4*o + 31. Let g(l) = 24*l + 23. Let c be g(o). Suppose 0*w - c = -2*w + d, w + 3*d - 125 = 0. List the prime factors of w.
2, 5, 11
Let p = 14823 - 9335. List the prime factors of p.
2, 7
Let m(h) = 54*h**2 + 8*h - 108. Let y(p) = 6*p**2 + p - 12. Let g(z) = 6*m(z) - 52*y(z). List the prime factors of g(-4).
2, 23
Suppose 10*a + 2586 = 13*a. Let y = a + -492. What are the prime factors of y?
2, 5, 37
Let u(o) = 184*o**2 + 10*o - 3. List the prime factors of u(-3).
3, 541
Suppose 0*u - 102 = -3*u. Let y be u/((-2)/(-3) - (0 - 0)). Let b = 217 - y. List the prime factors of b.
2, 83
Let r be (1 - (1 - -1))/((-6)/2340). Suppose 2*f + 0*f + 168 = -4*w, r = -5*f - 4*w. Let h = 365 + f. What are the prime factors of h?
3, 97
Suppose -9*t - 95*t + 1044056 = 0. What are the prime factors of t?
10039
Suppose 3*t = -3*k + 27027, -3*t - 3*t = 4*k - 54054. List the prime factors of t.
3, 7, 11, 13
Suppose 3*l - 95 = 5*h, 3*l - 5*l = 4*h - 78. Let m = l + -33. Suppose -5*o = -m*b + 78, 3*o - 105 - 12 = -3*b. What are the prime factors of b?
3, 13
Let n(k) = k**2 + 4*k + 3. Let x be n(-7). Let u = 32 - x. Suppose u*a + 179 = 763. List the prime factors of a.
73
Suppose -5*z = -3*x - z + 22, z = 2*x - 8. Suppose -c = 4*c + 2*v + 82, c + x = -4*v. List the prime factors of c/(-9) + (157 - 2).
157
Let a be 94/(-20)*2 + 15/(-25). Let z be (-2 - -1) + (a - -39) - -1. List the prime factors of (-12)/4 + z + (-4)/(-2).
2, 7
Let s(y) = 20*y + 88. Let w = -244 + 251. List the prime factors of s(w).
2, 3, 19
Suppose 5*i - 26 = 29. Let t(r) = -40*r + 1456. Let v be t(36). Suppose -i*g - 715 = -v*g. List the prime factors of g.
11, 13
What are the prime factors of ((-4 + 52727)/11)/((-1*4)/(-4))?
4793
Suppose 0 = 16*x + 7750 + 33162. Let k = -1814 - x. What are the prime factors of k?
743
Let v = 232210 - 143855. List the prime factors of v.
5, 41, 431
List the prime factors of 7 + -7 - ((15 - 6) + -9522).
3, 7, 151
Suppose -62*l = -38*l - 1320. Suppose 65*g - 4810 = l*g. List the prime factors of g.
13, 37
Suppose -7*y = -40*y + 1782. Suppose -50*v - 2008 = -y*v. What are the prime factors of v?
2, 251
What are the prime factors of (143/(-11) - -5) + 2149?
2141
Suppose -235*x - 3104 = -237*x - 2*n, 4*x - 6202 = -5*n. List the prime factors of x.
2, 19, 41
Let h(p) = -p**2 - 9*p + 17. Let c be h(-8). Suppose -3*n = -8*n + 5*m + c, m = 4*n - 14. Suppose -107 = -n*w + 43. List the prime factors of w.
2, 5
Let b be -11 + 11 + (-1 - -1). Let l(g) = -g**3 + 7*g**2 + 6*g - 4. Let v be l(7). Suppose b = c + 3*o - v, -c - 2*o + 142 = 3*c. List the prime factors of c.
5, 7
Suppose 12*s - 8*s - 35214 = -2*s. List the prime factors of s.
5869
Suppose -r - 4*v + 8 = -2*r, -2*r = -v - 5. Suppose -354 = -2*l + r*i, -5*l - 738 = -9*l - 2*i. What are the prime factors of l?
3, 61
Let m(h) = -5*h + 27. Let q be m(4). What are the prime factors of (8 - 9)*-1*q*8?
2, 7
Suppose 248*p - h - 22072 = 246*p, -3*h + 55158 = 5*p. What are the prime factors of p?
2, 3, 613
Let o = -178 - -106. List the prime factors of 16/o*15*-81.
2, 3, 5
Let l(i) = 6*i**2 + 103*i - 723. What are the prime factors of l(-80)?
29437
Suppose 0 = 202*p - 175*p - 1652589. List the prime factors of p.
97, 631
Let h(j) = 69*j**2 - 149*j - 870. List the prime factors of h(-6).
2, 3, 11, 19
Let d = 2202 + 2187. List the prime factors of d.
3, 7, 11, 19
Suppose 51610 = 2*f + 2*h, 59*h = 58*h - 5. What are the prime factors of f?
2, 5, 29, 89
Let c(i) = -i**3 - 3*i**2 - 7*i - 8. Let h be c(-2). Let j be (-56)/(-32) - h/(-8). Suppose 5*l = 5*q - 425, 3*q = j*q - 5*l + 103. List the prime factors of q.
2, 11
Suppose -18 - 16 = -j - 4*o, 0 = -j + 3*o + 20. Suppose -4060 = -j*l + 22*l. List the prime factors of l.
5, 7, 29
Let n(j) = 178*j**2 + 130*j - 765. What are the prime factors of n(6)?
3, 2141
Suppose -4*r + 3*t + 2516 = -907, -r = -2*t - 852. List the prime factors of r.
2, 3, 11, 13
Let z(n) = 31*n + 8. Let o(x) = -13*x + 30*x - 18*x. Let a(j) = -3*o(j) - z(j). What are the prime factors of a(-3)?
2, 19
List the prime factors of ((-25160)/(-120))/((-1)/(-231)).
7, 11, 17, 37
Suppose 9*l - 22443 - 61662 = 0. What are the prime factors of l?
3, 5, 7, 89
Let v(w) = -207*w - 2842. What are the prime factors of v(-15)?
263
Suppose 5*i - 4*i + 5*k - 91 = 0, -3*i + 317 = 4*k. Let b = i - 102. Suppose 3*h + r - 185 = 58, -3*r - b = 0. What are the prime factors of h?
2, 41
Let m(s) = 2*s**3 + 13*s**2 - 10*s - 4. Let d be m(-6). Let l = 5 + d. List the prime factors of l.
97
Let n(u) = -27*u - 240. Suppose -13*w - 216 = 148. What are the prime factors of n(w)?
2, 3, 43
Let n = -18 - -26. Let x = -26 + n. Let h = 59 + x. List the prime factors of h.
41
Let h(b) = 91*b**3 - 7*b**2 - 9*b + 52. List the prime factors of h(6).
2, 89, 109
Let c(j) = -6*j**2 + 2. Let g(t) = -5*t**2 - t + 3. Let y(a) = -4*c(a) + 5*g(a). Let r be y(-5). Suppose r*o = 5*o + 164. What are the prime factors of o?
2, 41
Let a(z) be the first derivative of 49*z**3/3 + 2*z**2 - 28*z - 31. Let s(p) be the first derivative of a(p). List the prime factors of s(1).
2, 3, 17
Suppose 2*j = -4*j + 720. Suppose 22*w - 15*w - 14 = 0. Suppose w*k = h - 30, -4*h + j = -5*k + 2*k. List the prime factors of h.
2, 3, 5
Suppose 28*w - 7*w - 11116 = 14*w. List the prime factors of w.
2, 397
Suppose 4*d + 4 = -0*d, -3*p = -3*d - 18. What are the prime factors of (-12350)/(-20) + p/2?
2, 5, 31
Let q(z) be the third derivative of z**5/60 + z**4/12 - 14*z**3/3 + 24*z**2. What are the prime factors of q(12)?
2, 5, 7
Let v = 301 - 302. List the prime factors of (-488 - 42)*(v - 0).
2, 5, 53
Let n(d) = 281*d - 7. Let f be n(-1). What are the prime factors of (164/(-3))/(64/f)?
2, 3, 41
Let a(j) be the second derivative of j**4/6 + j**3/3 + j**2 + 17*j. Let n be a(4). Suppose 38*t + 200 = n*t. What are the prime factors of t?
2, 5
Let f(u) = 192*u**2 + 7*u + 23. What are the prime factors of f(9)?
2, 7, 1117
Suppose 1590 = -0*w + 6*w. Suppose 4*t = t. Suppose t = o + 4*o - w. List the prime factors of o.
53
Let a = 1 + -1. Suppose 4*m = i + 357, 3*m + 131 = -2*i + 407. Suppose a = -4*f + f + m. What are the prime factors of f?
2, 3, 5
Let s(f) = -2*f - 8. Let n be s(-5). Suppose -m - n*o + 276 = -5*m, 3*m + 217 = 4*o. Let k = m + 331. List the prime factors of k.
2, 3, 11
Let a(u) = u**2 + 6*u - 11. Let p be a(-8). Let n = -2983 + 4471. List the prime factors of 12/(-20) + n/p.
3, 11
Suppose -974360 = -18*c + 53746. What are the prime factors of c?
3, 79, 241
Let f = -3275 + 6245. List the prime factors of f.
2, 3, 5, 11
Let r = -9986 + 24372. What are the prime factors of r?
2, 7193
Suppose 54*l - 438560 = 14*l. What are the prime factors of l?
2, 2741
Suppose 57*p - 64*p + 140 = 0. What are the prime factors of (p - 18)*(-823)/(-4)*2?
823
Suppose -7*n = -12*n - 5*x + 119480, -4*x = 2*n - 47808. List the prime factors of n.
2, 1493
Let b = 5 + -11. Let f be (-2)/(-4) - 55/2. List the prime factors of 1405/45 - b/f.
31
Let s be (4 - -1) + -3 - -663. Let h = s - 422. What are the prime factors of h/(-6)*-2 + 4?
5, 17
Let m(f) = -30*f**2 - 652*f + 17. What are the prime factors of m(-13)?
3, 7, 163
Let v(u) = -66*u - 14. Let p be v(7). Let r = p + 851. List the prime factors of r.
3, 5
Let o(i) = i**3 + 36*i**2 - i - 38. Let u be o(-36). What are the prime factors of (((-20)/u)/(-2))/(7/(-707))?
5, 101
Suppose -120 = -3*d - 15. Let t(m) = m**3 - 43*m**2 - 46*m + 90. Let c be t(44). Suppose -103 = -4*s + c*s - 3*l, s = 4*l + d. List the prime factors of s.
47
Suppose -i = 9, 410*b - 406*b - 3*i = 52103. What are the prime factors of b?
47, 277
Suppose 26*q = 123 - 747. List the prime factors of (52 + -4)/((-16)/q).
2, 3
Suppose -9*w = -4*w - 2*w - 160116. List the prime factors of w.
2, 11, 1213
What are the prime factors of ((-2322)/(-4)*-2)/(1034/104 + -10)?
2, 3, 13, 43
Let c = 7 + 0. Let q = 259 + c. List the prime factors of q.
2, 7, 19
Let o(a) = -2 + a + 7*a**2 + 6*a**3 - a**3 - 6*a**3. Let b be o(7). Suppose -5*g - b*m + 665 = 0, -3*g = -3*m - 303 - 114. What are the prime factors of g?
2, 17
Let x(s) = -s**2 - 26*s - 5. Let r be (-60)/390 - (-76)/(-13). List the prime factors of x(r).
5, 23
Let r = 3982 - 2511